tors of 16072646?
2, 61, 131743
List the prime factors of 103591007.
13, 7968539
List the prime factors of 5925197.
17, 41, 8501
List the prime factors of 188938329.
3, 3733, 16871
List the prime factors of 1603522773.
3, 17, 10480541
List the prime factors of 311350101.
3, 419, 247693
What are the prime factors of 169187949?
3, 7, 2685523
List the prime factors of 2096705593.
2096705593
What are the prime factors of 3956162?
2, 7, 73, 79
What are the prime factors of 181758385?
5, 36351677
List the prime factors of 189675641.
23, 1019, 8093
List the prime factors of 7650016738.
2, 7, 13, 43, 977513
What are the prime factors of 619918865?
5, 6521, 19013
What are the prime factors of 245696840?
2, 5, 43, 211, 677
List the prime factors of 258227121.
3, 86075707
What are the prime factors of 144375894?
2, 3, 13, 616991
List the prime factors of 309821675.
5, 239, 51853
List the prime factors of 1030135211.
7, 8461, 17393
What are the prime factors of 21838575?
3, 5, 11, 103, 257
List the prime factors of 265787943.
3, 88595981
What are the prime factors of 67288058?
2, 53, 634793
List the prime factors of 1973350984.
2, 11, 1483, 15121
What are the prime factors of 34863566?
2, 17, 47, 21817
List the prime factors of 90600956.
2, 17, 23, 53, 1093
What are the prime factors of 225683221?
43, 5248447
List the prime factors of 59490091.
2111, 28181
What are the prime factors of 19598134?
2, 9799067
What are the prime factors of 2335218?
2, 3, 37, 67, 157
What are the prime factors of 109717493?
859, 127727
List the prime factors of 940104419.
31, 89, 127, 2683
What are the prime factors of 1182699701?
251, 463, 10177
What are the prime factors of 20497856?
2, 53, 6043
List the prime factors of 75104319.
3, 2099, 11927
List the prime factors of 88503788.
2, 22125947
List the prime factors of 430893726.
2, 3, 71815621
What are the prime factors of 1991705505?
3, 5, 653, 203339
What are the prime factors of 223578450?
2, 3, 5, 496841
What are the prime factors of 182486734?
2, 29, 181, 17383
List the prime factors of 68147358.
2, 3, 2089, 5437
List the prime factors of 612816555.
3, 5, 13, 3142649
What are the prime factors of 34260356?
2, 13, 59, 859
What are the prime factors of 611823139?
611823139
List the prime factors of 128708461.
7, 18386923
List the prime factors of 85167391.
43, 1980637
What are the prime factors of 1499285034?
2, 3, 13, 6407201
List the prime factors of 42919549.
83, 367, 1409
List the prime factors of 121131532.
2, 1279, 23677
List the prime factors of 2111732338.
2, 31, 34060199
What are the prime factors of 5776788785?
5, 17, 19, 188261
List the prime factors of 653270570.
2, 5, 839, 77863
What are the prime factors of 678038192?
2, 13, 3259799
What are the prime factors of 558767126?
2, 31, 383, 23531
List the prime factors of 42602800.
2, 5, 73, 1459
List the prime factors of 832739115.
3, 5, 13, 1289, 3313
List the prime factors of 231161086.
2, 13, 23, 61, 6337
What are the prime factors of 1484644035?
3, 5, 7, 14139467
What are the prime factors of 2508963555?
3, 5, 7, 53, 450847
What are the prime factors of 72640384?
2, 71, 7993
What are the prime factors of 1642679555?
5, 11, 41, 149, 4889
List the prime factors of 4810797477.
3, 113, 4730381
What are the prime factors of 46572098?
2, 89, 261641
List the prime factors of 3373149551.
3373149551
List the prime factors of 1909844951.
7, 23, 11862391
List the prime factors of 1989122269.
193, 10306333
List the prime factors of 577801135.
5, 115560227
What are the prime factors of 1678030255?
5, 11, 607, 50263
List the prime factors of 17820871.
17820871
List the prime factors of 229004369.
11, 43, 484153
What are the prime factors of 79355748?
2, 3, 6612979
List the prime factors of 54286390.
2, 5, 281, 19319
List the prime factors of 118882269.
3, 11, 400277
List the prime factors of 345683963.
345683963
What are the prime factors of 6372594347?
7, 17, 53551213
List the prime factors of 690770859.
3, 19, 12118787
What are the prime factors of 22203435?
3, 5, 1480229
What are the prime factors of 50796514?
2, 25398257
What are the prime factors of 1159080894?
2, 3, 571, 37591
What are the prime factors of 3500707921?
1163, 3010067
What are the prime factors of 22410173?
233, 96181
List the prime factors of 36381570.
2, 3, 5, 1212719
List the prime factors of 21150912.
2, 3, 110161
List the prime factors of 981162713.
29, 33833197
List the prime factors of 38602109.
7, 13, 424199
What are the prime factors of 11388099?
3, 439, 8647
List the prime factors of 113435672.
2, 7, 2025637
List the prime factors of 741454146.
2, 3, 61, 107, 6311
What are the prime factors of 5398094951?
54583, 98897
List the prime factors of 269154655.
5, 7, 11, 29, 24107
What are the prime factors of 57449536?
2, 897649
What are the prime factors of 86064474?
2, 3, 53, 241, 1123
What are the prime factors of 57089479?
57089479
List the prime factors of 400234732.
2, 100058683
List the prime factors of 17741571.
3, 5913857
What are the prime factors of 1246223619?
3, 3769, 36739
What are the prime factors of 3770529480?
2, 3, 5, 19, 509
List the prime factors of 53768699.
53768699
What are the prime factors of 73501323?
3, 7, 500009
What are the prime factors of 724568980?
2, 5, 61, 173, 3433
List the prime factors of 772275183.
3, 257425061
What are the prime factors of 657452059?
11, 2803, 21323
What are the prime factors of 224980844?
2, 11, 5113201
What are the prime factors of 5185019339?
809, 929, 6899
List the prime factors of 134078465.
5, 181, 148153
List the prime factors of 315306539.
19, 16595081
List the prime factors of 267898100.
2, 5, 19, 41, 181
List the prime factors of 578606195.
5, 2069, 55931
What are the prime factors of 8701387?
191, 45557
List the prime factors of 3133610398.
2, 271, 5781569
List the prime factors of 3340032193.
23, 145218791
List the prime factors of 297843727.
467, 637781
List the prime factors of 49403433.
3, 71, 137, 1693
List the prime factors of 1694283219.
3, 19, 9908089
What are the prime factors of 128582828?
2, 11, 149, 1783
What are the prime factors of 640273919?
29, 607, 36373
What are the prime factors of 239733117?
3, 13, 23, 89087
List the prime factors of 119646481.
2039, 58679
List the prime factors of 132925156.
2, 7, 13, 365179
List the prime factors of 880144385.
5, 176028877
What are the prime factors of 171450613?
171450613
List the prime factors of 4593466628.
2, 1148366657
What are the prime factors of 1747650179?
11, 491, 323579
What are the prime factors of 33188375?
5, 11, 24137
What are the prime factors of 23425389?
3, 13, 66739
What are the prime factors of 21791736?
2, 3, 302663
What are the prime factors of 5969202993?
3, 13, 47, 401, 2707
What are the prime factors of 514984413?
3, 73, 167, 14081
List the prime factors of 37036794.
2, 3, 6172799
What are the prime factors of 92476767?
3, 23, 1340243
List the prime factors of 87201540.
2, 3, 5, 239, 2027
What are the prime factors of 734394986?
2, 13, 28245961
What are the prime factors of 215872253?
311, 694123
List the prime factors of 432159498.
2, 3, 24008861
List the prime factors of 149854971.
3, 7, 191, 37361
What are the prime factors of 69117090?
2, 3, 5, 7, 283, 1163
What are the prime factors of 175156122?
2, 3, 47, 269, 2309
What are the prime factors of 6508005?
3, 5, 7, 61981
List the prime factors of 509684815.
5, 173, 589231
List the prime factors of 378581918.
2, 11, 13, 523, 2531
What are the prime factors of 32638716?
2, 3, 11, 82421
What are the prime factors of 59928911?
7, 1223039
What are the prime factors of 24033159?
3, 890117
What are the prime factors of 936377862?
2, 3, 7, 73, 305407
List the prime factors of 10180805.
5, 2036161
What are the prime factors of 1443477691?
73, 19773667
What are the prime factors of 7021740352?
2, 11, 73, 12421
List the prime factors of 3125923928.
2, 19, 23, 103, 8681
What are the prime factors of 562227413?
11, 2791, 18313
List the prime factors of 179590068.
2, 3, 7, 31, 79, 97
What are the prime factors of 8232750?
2, 3, 5, 3659
List the prime factors of 1627164301.
7, 31, 107, 70079
What are the prime factors of 3669733471?
829, 4426699
List the prime factors of 130018892.
2, 71, 457813
What are the p